-168)?
1
Let s be (2 - (-16)/(-12)) + (-257)/3. Let a = 338 + s. What is the tens digit of a?
5
Let d = -8241 + 20660. What is the hundreds digit of d?
4
Let m(g) = 24*g - 70. Let c be m(-21). Let j = c - -892. What is the tens digit of j?
1
Let r be 1188/77 + 6/(-14). What is the units digit of (18/(-12))/(r/(-3290))?
9
Let b(r) = 5*r - 31. Suppose 2*w + 2*v - 6 = 0, 0 = 5*w - v - 34 - 11. Suppose -70 = w*o - 13*o. What is the tens digit of b(o)?
3
Let m = 400 - 590. What is the tens digit of (-1)/(52/26 + m/94)?
4
What is the units digit of (-2370)/(-553) + 4/(-14) + 12306?
0
What is the hundreds digit of 543036/12 + -10*11/(-22)?
2
Let l(q) = -23*q - 28. Let j(n) = -48*n - 55. Let w(c) = -2*j(c) + 5*l(c). What is the units digit of w(-22)?
8
Suppose -53*u + 12*u + 3433422 = 0. What is the units digit of u?
2
Let c = -121 + 125. Suppose -c*w = -9*w + x + 299, 303 = 5*w - 2*x. What is the units digit of w?
9
Let a be 6 - 8 - -5 - 8. What is the units digit of 288*8*-4*a/60?
8
Suppose 2*p = 2*t + 385 + 977, -5*t - 3409 = -4*p. Let d = -33 - t. What is the tens digit of d?
5
Suppose 2*x - 11*c - 36 = -8*c, -c = -3*x + 61. Suppose -5266 = -x*m + 13676. What is the units digit of m?
2
Suppose -3*f + 5*f - 30 = 0. What is the units digit of (-7200)/f*(-2 + (-12)/(-9))?
0
Let t(j) be the first derivative of -j**4/4 - 4*j**3/3 + 9*j**2/2 - 3*j - 19. Let c be t(-5). Let h = 70 + c. What is the units digit of h?
7
Let p = 23976 - 12642. What is the tens digit of p?
3
Let h(w) = w**3 + w**2 + 3*w + 291. Let u be h(0). Suppose -5*y + u = 3*m, 4*m + 220 = y + 3*y. Suppose -6*t + 15 + y = 0. What is the tens digit of t?
1
Let h(v) = -91*v**3 - 3*v**2 - v + 1. Suppose 5*i + 5 = 3*f - 5, -2*f = -5*i - 5. Let y be (f + 0 - 3)/(2/(-1)). What is the units digit of h(y)?
0
Suppose 3*r - 30*q = -31*q + 66316, -4*r + 88408 = 4*q. What is the thousands digit of r?
2
Let w = -8890 - -28392. What is the hundreds digit of w?
5
Suppose a = x + 5, -2*a + 29 = 2*a - x. Let q = -784 + 788. Let j = a + q. What is the tens digit of j?
1
Let w = -9053 - -9595. What is the tens digit of w?
4
Suppose q - 10*s + 13*s = 2217, -4*q - s = -8890. What is the tens digit of q?
2
Let w(p) = 13*p**2 - p - 1. Let b be 2/14 + 116/(-28). Let k be (-36)/45*(-10)/b. What is the units digit of w(k)?
3
Let c be (-85 - -87) + 3*(18 - 1). Suppose -637 = -3*j - 2*z, -c*j = -56*j - 3*z + 633. What is the units digit of j?
5
Let d(x) = 2*x - 10. Let n(w) = -w - 1. Let h(o) = -d(o) - 3*n(o). Let z be h(2). Suppose -2050 = -z*p + 2090. What is the tens digit of p?
7
Let n be -1 + 58 - (28 + -31). What is the units digit of 3/(n/1225) - (-3)/4?
2
Suppose 0 = 4*m - 3*m + 265. What is the hundreds digit of m*(-4 - 13/(-5))?
3
What is the units digit of ((-72099)/18)/((-6)/12)?
1
Let k = 1844 - -5618. What is the hundreds digit of k?
4
Suppose 5*l + 2*d = 16 + 3, -5*d = 15. Suppose l*r + 118 = k, 3*r + 271 = k + k. What is the units digit of k?
3
Let y(g) = -g + 47. Suppose -6*f + 150 = -96. Let q = f - 21. What is the tens digit of y(q)?
2
What is the tens digit of (21/35)/((-14)/(-268520))?
0
Let q be (0 + (3 - 2))/((-1)/(-5)). Suppose 20 = -5*y, 3*y - y - 37 = -q*t. What is the units digit of 2*9*(t/(-6) - -2)?
9
Let t(a) = 2*a + 4. Suppose -y + 4*y - 4*n = 8, y - 11 = 3*n. Let o be t(y). Let h(q) = 3*q**2 + 8*q - 4. What is the tens digit of h(o)?
1
Let j = -6649 + 14137. What is the hundreds digit of j?
4
Let h be ((-9)/(-15))/(-3) - 452/(-10). Let b be 54/h - 12/(-15). Suppose -n - 313 = -b*f, -311 = -2*f - 0*n - n. What is the units digit of f?
6
Let c(u) = -8*u**3 + u**2 + 4*u + 4. Let m be c(-1). Suppose j = 5 - m. What is the units digit of ((-310)/(-4))/(j/(-8))?
5
Let n(z) = 236*z**3 + z - 2. Let o(k) = k**2 - 15. Let j be o(-4). Let a be n(j). Suppose 4*l - 913 = 5*p, p = -l - 0*p + a. What is the units digit of l?
2
Let d = 358 + -254. Suppose -q + 75 + d = -2*x, 3*x - 372 = -2*q. What is the units digit of q?
3
Suppose -3*b + b - 7*k + 29928 = 0, 2*k = -b + 14955. What is the ten thousands digit of b?
1
Let z = -24910 + 40022. What is the hundreds digit of z?
1
Let r(n) = -230*n + 6809. What is the ten thousands digit of r(-86)?
2
Let j(o) = -406*o + 464. What is the ten thousands digit of j(-47)?
1
Let y(g) = 27*g - 3. Let l(i) = -41*i + 4. Let o(z) = z - 5. Let r be o(0). Let d(q) = r*l(q) - 8*y(q). What is the units digit of d(-3)?
7
Suppose 15*f - 20*f + 34420 = 4*m, 0 = -m + f + 8605. Suppose 1123*x - 1128*x + m = 0. What is the tens digit of x?
2
Let d(g) = -2*g + 27. Suppose -6*r + 0*r = -96. Let v be d(r). What is the units digit of v/(-15)*33 - 4?
7
Let r be -2 + (-22)/(-10) + 686/70. Suppose r*q = 17*q - 8960. What is the units digit of q?
0
Let z(w) = -565*w**3 + 17*w**2 + 52*w - 5. What is the thousands digit of z(-4)?
6
Let q(v) = 7*v - 24 - 25*v**2 + 26*v**2 + 11*v. What is the units digit of q(-21)?
9
Suppose -3386 = 3*s - 3*w - 12656, -3*w = -18. What is the tens digit of s?
9
Suppose u + u + 5*z = -5, 5*u + 5*z - 10 = 0. Let t(i) = -i**3 + 4*i**2 + 3*i + 12. Let c be t(u). What is the tens digit of (10/c + -3 - 1) + 42?
4
What is the units digit of ((-12)/30)/(-4*5/116260)*35?
2
Suppose -d = -3*z - z + 7, -5*z = 4*d - 35. Suppose 0*l - z*l = o - 9, 4*o = 5*l - 15. Suppose o = 3*w - 184 - 107. What is the units digit of w?
7
Suppose 33*s + 39 + 93 = 0. What is the units digit of 498 + (90/(-75))/(s/(-10))?
5
Let x be 3/(-3) - 1*-3. Let f(c) = -c**3 - 4*c**2 + 10*c - 10. Let j be f(-6). Suppose j*l = -x*t + 196, -3*l = 4*t + 2*l - 390. What is the tens digit of t?
0
Let i(z) = 237*z**2 - 648*z - 5. What is the thousands digit of i(4)?
1
Let s(o) = -2*o**2 - 21*o + 5. Let v(m) = -m**2 - 11*m + 2. Let c(n) = 6*s(n) - 11*v(n). Let r be c(-6). Suppose u + 2 = r*u. What is the units digit of u?
2
Let o(k) = -943*k - 1. What is the ten thousands digit of o(-14)?
1
Let t(v) = -v**3 - 5*v**2 - 7*v - 99. Let f be t(-7). What is the tens digit of (f/(-4) + 1 + -1)*-5?
6
Let w = 61 + 72. Let s be -5 + 3 + (12 - 11). Let q = w + s. What is the hundreds digit of q?
1
Suppose 0 = -8*a - 55*a + 1545579. What is the thousands digit of a?
4
Let i(z) = 19*z**2 + 34 - 5*z + 12*z + 0*z**2 - 9*z. What is the units digit of i(-5)?
9
Let f = 1085 - 578. Let p = f + -296. Let c = 370 - p. What is the tens digit of c?
5
Let a be -4*((-76)/20)/((-4)/(-25)). Let p be a/10*1*4. Suppose -44 = -d + p. What is the tens digit of d?
8
Let y be 256/26 - (-4)/26. Suppose -b = 6 + y. What is the units digit of (4 - 3)/((-4)/b)?
4
Suppose -5*w + 3*s = 163, 0 = -2*w + 4*s - 34 - 20. Let j = w + 39. Suppose -x = j*x - 95. What is the units digit of x?
9
What is the hundreds digit of -6 - (5/(50/(-8)) - 224898/15)?
9
Let x = -540 + 524. What is the units digit of (9953/(-74))/(2/x)?
6
Let y = 7887 - -12500. What is the ten thousands digit of y?
2
What is the hundreds digit of -1 - 20/(-24) - 127160/(-48)?
6
What is the units digit of (-65235)/(-2) + (153/(-18) - -7)?
6
Let t = -57 + 15. Let a = t + 46. Suppose -l = -4*c - 5*l + 772, c - a*l = 183. What is the units digit of c?
1
Suppose -238146 - 245419 = -24*d - 12301. What is the hundreds digit of d?
6
Let r = -182 - -92. Let l = 90 + r. Suppose l = -4*h + 415 + 45. What is the units digit of h?
5
Let x = -1469 + 2130. Suppose 5*p = 1119 + x. Suppose 6*o - 322 = p. What is the hundreds digit of o?
1
Suppose -1822436 + 11867978 = 174*h. What is the tens digit of h?
3
Let q(z) = -z**3 + 51*z**2 - 129*z - 173. What is the thousands digit of q(40)?
2
Let q(v) = v - 7. Let d be q(-5). What is the units digit of d/(-42) + (28368/21)/4?
8
Let k = -19076 - -41931. What is the tens digit of k?
5
Let v(n) = 2*n - 29. Let q be v(18). Let t = 6 - q. What is the hundreds digit of (6/3 + -166)/t?
1
Let y = 4748 + -2491. What is the units digit of y?
7
Let z(c) = -57*c**3 - 5*c**2 - 37*c - 146. What is the hundreds digit of z(-4)?
5
Suppose -12*g + 10*g = -244. Suppose -2*j + g + 550 = 0. What is the hundreds digit of j?
3
Let l be 11396/63 + 1/9. Suppose 0*p = p + 3*m + l, 3*p = 4*m - 517. Let u = -99 - p. What is the tens digit of u?
7
Let b = 10547 - 3356. Suppose -5*n + 3*r = -b, -11*n + 5752 = -7*n - 2*r. What is the units digit of n?
7
Suppose -67*y + 73*y - 14292